 4 + -5)
4
What is the value of -2 - -2 - (0 + 1) - 1?
-2
2 + -1 + 0 - (1 - 1)
1
What is the value of (5 - -4) + -4 + -5?
0
Evaluate 9 - (13 + -10) - 4.
2
-2 + (0 - 2) + 0
-4
1 - (13 + -10 + 8)
-10
What is the value of 1 + -2 + -1 + 5?
3
-4 - (-4 + 2) - -4
2
What is 8 - ((-6 - -7) + 3)?
4
Calculate 2 + (1 + 1 - -3) + -3.
4
(0 + 3 - -1) + 0
4
Evaluate (-3 + 0 - 5) + 3 + -3.
-8
What is the value of 6 + 2 - -5 - 5?
8
What is -9 + 7 - (4 + -1) - -10?
5
Evaluate (2 + -2 - -3) + 0.
3
What is the value of (4 - (4 - 1)) + -6?
-5
-11 + 0 + -44 + 51
-4
-5 + (-2 - -2) - 0
-5
Calculate 9 + -13 + 1 + 4.
1
What is the value of 6 - (5 + 0 + 9 + -3)?
-5
What is (-6 - -3) + 4 + 2?
3
What is the value of (3 + -4 - -1) + 2?
2
Calculate 3 + -18 + 14 + -4 + 3.
-2
5 - 0 - (0 + 5)
0
Evaluate (-9 - -7) + -4 - 5.
-11
What is the value of 3 + 9 + (7 - 20)?
-1
3 + 5 - 6 - -2
4
Calculate -5 + -4 + 2 + 4.
-3
What is the value of -4 - (-7 - -5) - 1?
-3
Evaluate (2 - -2) + (0 - -1).
5
What is 2 + 1 + -2 - 1?
0
(10 - (22 - 7)) + 4
-1
(-2 - -4) + (-4 - 3) + 3
-2
Calculate (9 + -9 + 1 - -7) + -1.
7
-1 - (3 + -2 - 4 - -3)
-1
(-3 - (-8 + -1) - 3) + 2
5
Evaluate -3 + (-7 - -7) - -6.
3
What is (4 - 10) + 10 - 9?
-5
What is (-8 - -16) + 5 + -8?
5
What is the value of -15 + (-2 - -8) - -7?
-2
What is (-5 - -2) + (3 - -2)?
2
8 + (1 - -3 - 4) + -4
4
Evaluate -6 + (6 - 2) + -2.
-4
(4 - -2) + 0 + -6 + 1
1
Calculate 3 + (-9 + -8 - -6).
-8
What is 17 - 2 - (25 + -18) - 3?
5
What is the value of -5 + (-1 - (13 + -7 - 8))?
-4
Evaluate (4 - 3 - 12) + 16.
5
Evaluate 8 - (0 + -4 - -7).
5
5 - (7 + -9 - (-1 + -6))
0
What is -1 + -1 + -5 + -7 + 14?
0
What is the value of 5 - (-2 + -13) - 11?
9
Evaluate 5 + 1 + 8 + -8 + -5.
1
Evaluate 1 + (-1 - 3) - 1.
-4
-1 - 6 - (13 + (-12 - -3))
-11
What is the value of 6 + 1 + (-16 - -9)?
0
What is the value of 6 + 2 + -1 + -16 + -1?
-10
What is the value of -7 + (5 - (-4 - -3))?
-1
Evaluate -7 + 6 + -2 + 0.
-3
What is -4 + -13 + -4 + 11?
-10
-2 + -4 - (4 + -7 + -3)
0
What is the value of -12 + 11 + 3 + -1 + -1?
0
8 + (-6 + 8 - (1 - -3))
6
What is 4 - (3 - 0) - -1?
2
Calculate (3 - 2) + 0 + -2 - -5.
4
(-210 - -205) + 2 + -1 + -3
-7
What is the value of (9 - (0 + 11)) + (-6 - 2)?
-10
What is the value of 1 + 1 - (-6 - -29 - 12)?
-9
What is the value of -7 + 0 + -10 + 4 + 10?
-3
-2 - (-4 + -2) - 3
1
0 + -6 + 9 - (-1 - -6)
-2
-5 + 1 + (-4 - (4 + -12))
0
Calculate -2 + (5 - 3) + (1 - 2).
-1
What is (0 - 0) + (-25 - -24)?
-1
(0 - 4 - -4) + -4
-4
Calculate -1 + -1 - (-6 - 19 - -29).
-6
-2 + -1 - -15 - 4
8
Evaluate -1 + 2 - ((-4 - -2) + 2).
1
Evaluate -1 + 7 - ((14 - 10) + 2).
0
Evaluate 0 + (2 - (-1 - (3 + -2))).
4
(-5 - -10) + (0 - 9 - -2)
-2
What is 4 - (3 - 0 - -5)?
-4
What is the value of (-16 - (-12 + -4)) + 2 + -1?
1
(4 - 0) + (10 - -4) + -11
7
What is the value of (3 - (1 - 0)) + (3 - 1)?
4
What is the value of (0 - 1) + (-30 - -33)?
2
Calculate -1 - (5 + 3 + -4).
-5
What is -7 + 12 + -2 + -5?
-2
1 + (-6 - -16 - 3) + -7
1
Evaluate 7 + -11 + 0 + 3.
-1
What is the value of (5 - (13 + -5 + -2)) + 0?
-1
-4 + -1 + -3 - -3
-5
What is the value of (9 - (-2 - -5)) + -3 + -6?
-3
(1 + 0 - 0) + -19 + 14
-4
3 + (1 + 1 - 4)
1
What is the value of 3 + 1 + -2 - 0?
2
What is 3 + (-6 + -4 - -10)?
3
Evaluate -4 - (1 + -8 + 5).
-2
Evaluate (-6 - -1) + (2 - (-4 + 8)).
-7
Calculate -1 - (-12 + 1 + 8 + -3).
5
Calculate (12 - 6) + -8 + (-7 - -2).
-7
What is the value of 2 + 0 + 1 + -1 + -1?
1
Calculate 7 + (5 - 1) + 34 + -45.
0
Evaluate -1 + 3 + -2 + (-3 - -6).
3
What is the value of (-8 - (8 + -5)) + 3?
-8
What is (-1 - 2) + (0 + 1 - 2)?
-4
Calculate (-11 - -4) + (6 - 9 - -8).
-2
Evaluate 6 + (2 - (-4 - -3 - -4)).
5
Calculate 45 - 42 - (1 - (-1 - -2)).
3
What is the value of 2 - 0 - (-16 + 14)?
4
(-3 - 1) + 3 + -1
-2
-2 + -5 + -5 + 13
1
What is the value of 1 - (15 + -5 + -5)?
-4
Evaluate 20 - 6 - (8 + 8 + -8).
6
Evaluate -8 + -4 + 7 + -4 - -1.
-8
7 - (5 + -2) - (3 - 1)
2
Evaluate -10 + (-1 - (-1 + -10)).
0
Calculate (0 - 0 - -3) + 1.
4
Calculate 3 - (-4 + 11 - 0).
-4
What is the value of 1 - (3 - -3) - -4?
-1
-26 + 20 + (4 - 0) + 2
0
What is the value of -1 + (1 - -3) - 6?
-3
What is -7 + 2 - ((-2 - -1) + -1)?
-3
Evaluate 4 - ((-3 - 0) + 11 - 2).
-2
Calculate -214 + 210 - (0 + 0 + -1).
-3
1 - 1 - 1 - (-25 + 19)
5
What is the value of -1 + 8 - (0 + 2 + 2)?
3
What is 6 - ((4 - 2) + -1)?
5
Calculate -4 - (4 - (4 + -1 - 1)).
-6
Evaluate (-3 - -5) + -7 + 2 - -3.
0
Evaluate 8 + -11 + (2 - -1).
0
What is the value of -9 + 6 - (-7 - 1)?
5
Calculate 147 - 154 - (-1 + -7).
1
Calculate -1 + -1 - (-26 + 20) - 3.
1
Calculate (7 + -13 - 2) + 12.
4
What is the value of (6 - 1) + (-21 - (-9 + 3))?
-10
What is the value of -9 + 3 + 2 + 3 + 0?
-1
-5 + 2 + (14 - 8)
3
Evaluate -9 - (0 + (-4 - (2 - 1))).
-4
What is 1 + 1 + 6 + -7 + 2?
3
Calculate -7 + (9 + -10 - -2).
-6
Calculate 0 + 1 - (32 - 32).
1
2 + 3 + (-8 - -3) - 2
-2
What is the value of -34 + 27 + (0 - -1) + -2?
-8
Calculate -14 + 12 + 2 + 2 + -1.
1
Calculate 2 - (1 + 0) - (-25 + 20).
6
18 + -22 - (-2 + 2 - 10)
6
Calculate (0 - -5) + (-2 + 6 - 8).
1
What is 3 + 1 - (-7 + 7)?
4
-5 - ((-2 - -1) + -4)
0
Evaluate 0 - ((-11 - 0) + 2 - -4).
5
What is the value of -3 - ((-3 - -1) + -11 + 3)?
7
What is the value of -2 - (-2 + -4 + 4)?
0
-7 + 8 + -5 + 6
2
Evaluate -4 - (11 + (4 + -2 - 7)).
-10
What is (4 - (2 + -1)) + 2?
5
Evaluate (-8 - -1) + (11 - 9).
-5
What is the value of 2 + -1 + 3 + -2?
2
-2 - -3 - 3 - (4 + -3)
-3
What is (-18 - -14) + 9 + -2?
3
1 + 1 + 3 + 2 + -3
4
Calculate -5 - (7 - 8 - 1).
-3
Calculate 11 - 13 - (-8 + 0).
6
Evaluate -3 - (0 + -2 + 0).
-1
Evaluate 1 - (-5 + 2) - 10.
-6
Evaluate 0 + 0 - (-115 - -116).
-1
Evaluate (-4 + (-4 - -7) - -5) + -3.
1
Evaluate -6 + 0 + -1 - -4.
-3
1 + (6 - 1) + -6 + -3
-3
What is the value of 2 + -1 - (1 - -3)?
-3
What is the value of -4 - 2 - (3 - 12)?
3
What is 4 + 2 + (-9 - -5) + -7?
-5
Evaluate 9 + (17 + -12 - 23).
-9
What is the value of 0 - (-2 - (1 - 3))?
0
What is -12 + -5 + (0 - -26)?
9
What is the value of 6 + (-6 - -3 - 1) + 2?
4
Evaluate 1 - (5 + 3) - (-3 + 0).
-4
What is the value of (0 - 0) + 2 + -2?
0
6 + -12 + (-2 - 0) + 3
-5
Calculate 2 + (-5 - -1) - -4.
2
What is the value of (-2 - -1) + 2 + (-4 - -4)?
1
What is 17 + (5 - (8 + 1)) + -7?
6
-14 + 11 - (5 + -1 + -1)
-6
What is the value of -3 - -3 - (0 + 5)?
-5
-17 + 18 + (-2 - -1) + -3
-3
2 - ((-2 - -3) + (0 - -2))
-1
-7 - -7 - 4 - -2
-2
Calculate 0 - -2 - (9 - 8).
1
What is the value of 6 - (15 + 3 + -7)?
-5
What is -5 + 7 - (18 - 10)?
-6
Evaluate 1 + 6 + 1 + -3.
5
What is 6 + (5 - -2 - 12)?
1
Calculate 4 + (-1 + -2 - (14 + -14)).
1
Evaluate -4 + 8 + -4 - 5.
-5
Calculate -35 + 29 - (-3 + -1).
-2
Evaluate 8 + -4 + -1 + 0 - 6.
-3
3 - (-13 + 20 + -9)
5
-2 - -1 - (11 + -11)
-1
Calculate (-2 - 5) + 2 - (-4 - 1).
0
What is the value of 16 - 10 - (5 - -3)?
-2
What is (-3 - 0) + 0 - (-1 - 4)?
2
What is the value of -3 + -3 + 8 + -2?
0
-5 + 3 + 4 - (-6 + 2)
6
Evaluate 4 + (-3 + -1 - -2) + -6.
-4
Calculate (-3 - (-1 - (3 - 2))) + -3.
-4
3 + (6 - ((-1 - 1) + 8))
3
Calculate 5 - (-2 - (0 - (5 + -3))).
5
-10 - (-1 - (-7 + 0 + 5))
-11
What is the value of 16 + (11 - (-15 + 35))?
7
2 - 6 - (-2 - (-2 + 4))
0
Calculate -4 + 16 + -21 - -7.
-2
What is the value of (-6 - -10 - -2) + -12?
-6
2 - 1 - -4 - (5 + 5)
-5
Calculate -1 + (-3 - (1 - 0)).
-5
6 - (1 + 2 + 0)
3
-10 + (14 - -9 - 10)
3
What is the value of (-4 - 0) + 4 - (4 - -2)?
-6
Evaluate 5 - (-4 + 3 + 4 - 4).
6
Evaluate 1 + (-6 - -13) + -4.
4
What is -2 - (11 + -17 - 1)?
5
-7 + (13 - 3) + -3
0
0 - 4 - (2 - (8 - 7))
-5
Evaluate 19 + -2 - (10 - (3 - 1)).
9
(-2 + 3 - 0) + -2 - -6
5
(7 - 2) + -27 + 27
5
Calculate -2 - ((-1 - (8 - 3)) + 10).
-6
What is the value of 1 - 6 - 2 - 1?
-8
Evaluate 2 + 1 + -1 + 5 + -4.
3
Calculate (2 - 4) + 4 + -1.
1
What is 0 - -6 - (5 + -5)?
6
What is (-2 - (4 - 2)) + 23 + -15?
4
What is 3 - (7 - 6 - -3)?
-1
What is the value of 6 - 1 - (16 - (7 - -1))?
-3
What is the value of -5 - (5 - 1 - (0 - -4))?
-5
9 + -5 + -4 - (1 + -4)
3
What is (5 - (1 + 1)) + -19 + 17?
1
Calculate (2 - 3) + 1 + -4 + 10.
6
What is 1 + -5 - (8 + -12)?
0
Calculate -16 - -16 - (3 - 0).
-3
Evaluate 8 + ((0 - -5) + -7 - 1).
5
Calculate (-1 - -1 - -5) + -843 + 836.
-2
What is 1 - (4 + -8 - (-13 - -